{"version":"1.0","provider_name":"Napi Feeling","provider_url":"https:\/\/napifeeling.cafeblog.hu","author_name":"Hisztis Mirthyll","author_url":"https:\/\/napifeeling.cafeblog.hu\/author\/hisztis-mirthyllgmail-com\/","title":"N\u0151napra hambi + OREO torta","html":"<p>\u00a0 A vir\u00e1gokkal mind lehet \u00fczenni, minden fajt\u00e1nak van jelent\u00e9se\u00a0<em>vir\u00e1gnyelven.\u00a0<\/em>Ha r\u00f3zs\u00e1t kapsz, az a szerelmet jelk\u00e9pezi, ha j\u00e1cintot akkor a b\u00e1joss\u00e1godat \u00fcdv\u00f6zlik, ha pedig iboly\u00e1t, az a szer\u00e9nys\u00e9gedet d\u00edcs\u00e9ri... De ha <strong>hambit<\/strong> kapsz, az n\u00e1lunk azt jelenti: \" \u00dagy szeretlek majd meg eszlek\"\u00a0\u2665\u00a0<\/p>\r\n<p>\u00a0K\u00fcl\u00f6n megk\u00e9rtem P\u00e1rocsk\u00e1t, hogy NE vir\u00e1got kapjak n\u0151napra, nem az\u00e9rt mert nem szeretem a vir\u00e1got, de mindenki m\u00e1st\u00f3l azt kapok (kapunk) :) A mel\u00f3helyen, apuk\u00e1nkt\u00f3l, \u00f6cs\u00e9inkt\u0151l, b\u00e1ty\u00e1inkt\u00f3l \u00e9s a szomsz\u00e9d b\u00e1csit\u00f3l is. \u00a0\u00cdgy h\u00e1t r\u00e1 b\u00edztam a dolgot \u00e9s nem is \u00a0lep\u0151dtem meg amikor \u00e1tadta az illatos <del>nem mekis<\/del> hamburger aj\u00e1nd\u00e9komat. Hiszen ismer\u00a0\u00e9s m\u00e9g a vacsin sem kellett gondolkozni. Pedig nem is vagyok nagyev\u0151. \u00a0T\u00e9nyleg nem, de ez j\u00f3kor j\u00f6tt \u00e9s j\u00f3l is esett. \u00a0;)<\/p>\r\n<p>\u00a0K\u00f6zben \u00e9n is ser\u00e9nykedtem ma, ki m\u00e1s adhat szupi aj\u00e1nd\u00e9kot m\u00e9g nekem P\u00e1rocsk\u00e1n k\u00edv\u00fcl... h\u00e1t \u00e9n magam :D Megs\u00fct\u00f6ttem a h\u00e9tv\u00e9gi sz\u00fclinapoz\u00e1s cs\u00facspontj\u00e1t, egy csod\u00e1s OREO tort\u00e1t, m\u00e1rmint a \u00a0kistestv\u00e9r\u00e9t... \u00a0El\u00e9g n\u00e9pszer\u0171 n\u00e1lunk ez a torta, az \u00e9n sz\u00fclinapomon is ez volt meg az \u00f6cs\u00e9m\u00e9re is ezt csin\u00e1ltam. 3x3 f\u00e9l\u00e9re sikeredett ugyanabb\u00f3l a receptb\u0151l. :D Most p\u00e9ld\u00e1ul\u00a0<del>szerintem<\/del>\u00a0t\u00fal \u00e9des lett a kr\u00e9m, de csod\u00e1k csod\u00e1j\u00e1ra a h\u0171t\u0151ben val\u00f3 '\u00e9rlel\u00e9s' ut\u00e1n az \u00edzek \u00f6ssze\u00e9rtek \u00e9s kieg\u00e9sz\u00edtett\u00e9k egym\u00e1st: a keserny\u00e9s t\u00e9szta (full kaka\u00f3s) az \u00e9des kr\u00e9mmel. \u00a0:) \u00a0\u00cdme a recept:\u00a0<\/p>\r\n<p><a href=\"https:\/\/napifeeling.cafeblog.hu\/files\/2016\/03\/OREO-torta.jpg\"><img class=\"aligncenter wp-image-77 size-large\" src=\"https:\/\/napifeeling.cafeblog.hu\/files\/2016\/03\/OREO-torta-600x489.jpg\" alt=\"OREO torta\" width=\"600\" height=\"489\" \/><\/a><\/p>\r\n<p>\u00a0 Mint ilyenkor mindig, a torta k\u00e9sz\u00edt\u00e9s\u00e9n\u00e9l a kr\u00e9m mindig t\u00f6bb lesz \u00e9s f\u00e9lre rakom a h\u0171t\u0151be, de \u00e1ltal\u00e1ban elfeledkez\u00fcnk r\u00f3la. De nem most, ugyanis ez a N\u0151nap kap\u00f3ra j\u00f6tt \u00e9s egy kis l\u00e1basban fele hozz\u00e1val\u00f3kb\u00f3l csin\u00e1ltam meg a marad\u00e9k <em>'kr\u00e9mal\u00e1val\u00f3t'<\/em> :) \u00a015 perc alatt k\u00e9sz is volt, kicsit h\u0171lni hagytam majd kett\u00e9v\u00e1gtam a k\u00f6zep\u00e9n \u00e9s megkentem a kr\u00e9mmel. \u00a0<\/p>\r\n[caption id=\"attachment_78\" align=\"aligncenter\" width=\"600\"]<a href=\"https:\/\/napifeeling.cafeblog.hu\/files\/2016\/03\/IMG_8730.jpg\"><img class=\"wp-image-78 size-large\" src=\"https:\/\/napifeeling.cafeblog.hu\/files\/2016\/03\/IMG_8730-600x400.jpg\" alt=\"IMG_8730\" width=\"600\" height=\"400\" \/><\/a> oreo keksznek nagy, tort\u00e1nak meg kicsi[\/caption]\r\n<p>\u00a0Mivel m\u00e9g mindig maradt KR\u00c9M, nem b\u00edrtam magammal \u00e9s k\u00f6rbe kentem az eg\u00e9sz tort\u00e1t. :D \u00cdgy egy csepp sem ment k\u00e1rba...\u00a0<\/p>\r\n<p><a href=\"https:\/\/napifeeling.cafeblog.hu\/files\/2016\/03\/IMG_8737.jpg\"><img class=\"aligncenter wp-image-79 size-large\" src=\"https:\/\/napifeeling.cafeblog.hu\/files\/2016\/03\/IMG_8737-600x400.jpg\" alt=\"IMG_8737\" width=\"600\" height=\"400\" \/><\/a><\/p>\r\n<p>Egyszer\u0171en nem tudom megunni. Az elk\u00e9sz\u00edt\u00e9se sem bonyolult, \u00e9s gyorsan k\u00e9sz is van.<\/p>\r\n<p>Azt hiszem ilyen torta lesz az esk\u00fcv\u0151m\u00f6n is. :)\u00a0<\/p>\r\n<p>&nbsp;<\/p>\r\n<p>Recept:\u00a0<a href=\"http:\/\/www.nosalty.hu\/recept\/oreo-torta\" target=\"_blank\">innen<\/a><\/p>\r\n<p>&nbsp;<\/p>\r\n<p>&nbsp;<\/p>\r\n<p>&nbsp;<\/p>","type":"rich","thumbnail_url":"https:\/\/napifeeling.cafeblog.hu\/files\/2016\/03\/IMG_8737-150x150.jpg","thumbnail_width":150,"thumbnail_height":150}

Nőnapra hambi + OREO torta

<p>  A virágokkal mind lehet üzenni, minden fajtának van jelentése <em>virágnyelven. </em>Ha rózsát kapsz, az a szerelmet jelképezi, ha jácintot akkor a bájosságodat üdvözlik, ha pedig ibolyát, az a szerénységedet dícséri... De ha <strong>hambit</strong> kapsz, az nálunk azt jelenti: " Úgy szeretlek majd meg eszlek" ♥ </p>
<p> Külön megkértem Párocskát, hogy NE virágot kapjak nőnapra, nem azért mert nem szeretem a virágot, de mindenki mástól azt kapok (kapunk) :) A melóhelyen, apukánktól, öcséinktől, bátyáinktól és a szomszéd bácsitól is.  Így hát rá bíztam a dolgot és nem is  lepődtem meg amikor átadta az illatos <del>nem mekis</del> hamburger ajándékomat. Hiszen ismer és még a vacsin sem kellett gondolkozni. Pedig nem is vagyok nagyevő.  Tényleg nem, de ez jókor jött és jól is esett.  ;)</p>
<p> Közben én is serénykedtem ma, ki más adhat szupi ajándékot még nekem Párocskán kívül... hát én magam :D Megsütöttem a hétvégi szülinapozás csúcspontját, egy csodás OREO tortát, mármint a  kistestvérét...  Elég népszerű nálunk ez a torta, az én szülinapomon is ez volt meg az öcsémére is ezt csináltam. 3x3 félére sikeredett ugyanabból a receptből. :D Most például <del>szerintem</del> túl édes lett a krém, de csodák csodájára a hűtőben való 'érlelés' után az ízek összeértek és kiegészítették egymást: a kesernyés tészta (full kakaós) az édes krémmel.  :)  Íme a recept: </p>
<p><a href="https://napifeeling.cafeblog.hu/files/2016/03/OREO-torta.jpg"><img class="aligncenter wp-image-77 size-large" src="https://napifeeling.cafeblog.hu/files/2016/03/OREO-torta-600x489.jpg" alt="OREO torta" width="600" height="489" /></a></p>
<p>  Mint ilyenkor mindig, a torta készítésénél a krém mindig több lesz és félre rakom a hűtőbe, de általában elfeledkezünk róla. De nem most, ugyanis ez a Nőnap kapóra jött és egy kis lábasban fele hozzávalókból csináltam meg a maradék <em>'krémalávalót'</em> :)  15 perc alatt kész is volt, kicsit hűlni hagytam majd kettévágtam a közepén és megkentem a krémmel.  </p>
[caption id="attachment_78" align="aligncenter" width="600"]<a href="https://napifeeling.cafeblog.hu/files/2016/03/IMG_8730.jpg"><img class="wp-image-78 size-large" src="https://napifeeling.cafeblog.hu/files/2016/03/IMG_8730-600x400.jpg" alt="IMG_8730" width="600" height="400" /></a> oreo keksznek nagy, tortának meg kicsi[/caption]
<p> Mivel még mindig maradt KRÉM, nem bírtam magammal és körbe kentem az egész tortát. :D Így egy csepp sem ment kárba... </p>
<p><a href="https://napifeeling.cafeblog.hu/files/2016/03/IMG_8737.jpg"><img class="aligncenter wp-image-79 size-large" src="https://napifeeling.cafeblog.hu/files/2016/03/IMG_8737-600x400.jpg" alt="IMG_8737" width="600" height="400" /></a></p>
<p>Egyszerűen nem tudom megunni. Az elkészítése sem bonyolult, és gyorsan kész is van.</p>
<p>Azt hiszem ilyen torta lesz az esküvőmön is. :) </p>
<p>&nbsp;</p>
<p>Recept: <a href="http://www.nosalty.hu/recept/oreo-torta" target="_blank">innen</a></p>
<p>&nbsp;</p>
<p>&nbsp;</p>
<p>&nbsp;</p>
