{"version":"1.0","provider_name":"Napi Feeling","provider_url":"https:\/\/napifeeling.cafeblog.hu","author_name":"Hisztis Mirthyll","author_url":"https:\/\/napifeeling.cafeblog.hu\/author\/hisztis-mirthyllgmail-com\/","title":"HARLEKIN dilemma","html":"<p>Im\u00e1dok <strong>fot\u00f3zni<\/strong>, olyan nincs hogy egy h\u00e9ten ne l\u0151jek p\u00e1r k\u00e9pet, m\u00e9g ha az csak a kerti vir\u00e1gokr\u00f3l vagy bogarakr\u00f3l is k\u00e9sz\u00fcl. \u00a0Mindig tal\u00e1lok valamit, amit meg akarok \u00f6r\u00f6k\u00edteni\u00a0<del>magamnak<\/del> mert \u00e9rdekes, meg kikapcsol \u00e9s oldja a stresszt.\u00a0<\/p>\r\n<p>A mai napi fot\u00f3z\u00e1sb\u00f3l viszont r\u00e9m\u00e1lom lett. :( \u00a0A kiskert\u00fcnkben fellelt bog\u00e1rk\u00e1kr\u00f3l kider\u00fclt hogy <strong>k\u00e1rt\u00e9kony<\/strong> kis sz\u00f6rnyetegek, \u00e9s b\u00e1r m\u00e9g ilyet nem l\u00e1ttam \u00e9s nem is fot\u00f3ztam, kaptam az alkalmon hogy b\u0151v\u00edtse a <strong>bog\u00e1rk\u00e9p<\/strong> gy\u0171jtem\u00e9nyemet. :) De amikor l\u00e1ttam, hogy szinte az \u00f6sszes cseresznyefa lev\u00e9len ott gubbasztott egy-egy p\u00e9ld\u00e1ny bel\u0151le, egyb\u0151l riad\u00f3t f\u00fajtam \u00e9s m\u00e1r az irt\u00e1sukon gondolkoztam.\u00a0<\/p>\r\n[caption id=\"attachment_159\" align=\"aligncenter\" width=\"600\"]<a href=\"https:\/\/napifeeling.cafeblog.hu\/files\/2016\/05\/IMG_0655.jpg\"><img class=\"wp-image-159 size-large\" src=\"https:\/\/napifeeling.cafeblog.hu\/files\/2016\/05\/IMG_0655-600x400.jpg\" alt=\"IMG_0655\" width=\"600\" height=\"400\" \/><\/a> harlekin katica l\u00e1rva[\/caption]\r\n<p>El\u0151tte azonban kutakodtam egy kicsit \u00e9s mivel a <em>guggle a bar\u00e1tom<\/em>, meg is lett a v\u00e1lasz. Ez a kis ravasz cicabog\u00e1r, nem m\u00e1s mint a <strong>harlekin katica<\/strong> m\u00e9g ki nem fejl\u0151d\u00f6tt l\u00e1rv\u00e1ja. T\u00f6bb st\u00e1diumban l\u00e9v\u0151re is felfigyeltem, meg a f\u00f6ld\u00f6n hever\u0151 z\u00f6ld csereszny\u00e9kre is. :( Ebb\u0151l m\u00e1r \u00f6ssze raktam, hogy ez nem lesz j\u00f3 az idei term\u00e9snek ez\u00e9rt TENN\u00dcNK KELL VALAMIT!<\/p>\r\n<p><a href=\"https:\/\/napifeeling.cafeblog.hu\/files\/2016\/05\/IMG_0691.jpg\"><img class=\"aligncenter wp-image-160 size-large\" src=\"https:\/\/napifeeling.cafeblog.hu\/files\/2016\/05\/IMG_0691-600x400.jpg\" alt=\"IMG_0691\" width=\"600\" height=\"400\" \/><\/a><\/p>\r\n<p>A f\u0151 gond viszont nem ez a kis katica fajta, hanem <del>ami\u00e9rt megjelent a f\u00e1nkon<\/del>\u00a0a <strong>lev\u00e9l tetvek.\u00a0<\/strong>Mivel ez a f\u0151 t\u00e1pl\u00e1l\u00e9ka ez\u00e9rt valamennyire hasznos, de a fa term\u00e9se m\u00e1r \u00e9retlen\u00fcl potyog \u00e9s sajna nem v\u00e1rhatjuk meg, am\u00edg a l\u00e1rv\u00e1kb\u00f3l kifejlett <strong>ragadoz\u00f3 katica<\/strong> lesz \u00e9s felfalja az \u00f6sszes kis tetvecsk\u00e9t. \u00a0\u00c9s el\u00e9rkezt\u00fcnk a <strong>dilemm\u00e1mhoz<\/strong> is. Ha ennyire hasznosak, akkor lehet meg k\u00e9ne tartani \u0151ket '<em>h\u00e1zi n\u00f6v\u00e9ny k\u00e1rtev\u0151 irt\u00f3nak'<\/em>\u00a0? :D\u00a0<\/p>\r\n[caption id=\"attachment_161\" align=\"aligncenter\" width=\"600\"]<a href=\"https:\/\/napifeeling.cafeblog.hu\/files\/2016\/05\/IMG_0658.jpg\"><img class=\"wp-image-161 size-large\" src=\"https:\/\/napifeeling.cafeblog.hu\/files\/2016\/05\/IMG_0658-600x400.jpg\" alt=\"IMG_0658\" width=\"600\" height=\"400\" \/><\/a> mindj\u00e1rt kifejl\u0151dik[\/caption]\r\n<p>Irt\u00e1s lesz, lev\u00e9ltet\u0171 irt\u00e1s, \u00e9s mivel '\u0150K' is a f\u00e1n vannak val\u00f3sz\u00edn\u0171leg belepusztulnak...\u00a0<\/p>\r\n[caption id=\"attachment_162\" align=\"aligncenter\" width=\"600\"]<a href=\"https:\/\/napifeeling.cafeblog.hu\/files\/2016\/05\/IMG_0664.jpg\"><img class=\"wp-image-162 size-large\" src=\"https:\/\/napifeeling.cafeblog.hu\/files\/2016\/05\/IMG_0664-600x400.jpg\" alt=\"IMG_0664\" width=\"600\" height=\"400\" \/><\/a> m\u00e9g sz\u00edntelen, de m\u00e1r fejlett[\/caption]\r\n<p>Egy\u00e9bk\u00e9nt ez a faj Magyarorsz\u00e1gon 2008-ban lett ismert, \u00e9s ha nem is b\u00e1ntja a f\u00e1t meg a term\u00e9s\u00e9t, az \u0151shonos h\u00e9tpettyes katic\u00e1t folyamatosan kit\u00farja az \u00e9l\u0151hely\u00e9r\u0151l, mert ellen\u00e1ll\u00f3bb \u00e9s agressz\u00edvebb fajta. Ez\u00e9rt lehet m\u00e1r annyira nem is fogom sajn\u00e1lni. ;)\u00a0<\/p>\r\n[caption id=\"attachment_163\" align=\"aligncenter\" width=\"600\"]<a href=\"https:\/\/napifeeling.cafeblog.hu\/files\/2016\/05\/10671220_1421962738028633_609829598628133878_n.jpg\"><img class=\"wp-image-163 size-large\" src=\"https:\/\/napifeeling.cafeblog.hu\/files\/2016\/05\/10671220_1421962738028633_609829598628133878_n-600x400.jpg\" alt=\"10671220_1421962738028633_609829598628133878_n\" width=\"600\" height=\"400\" \/><\/a> kis sz\u00f6rnyecsk\u00e9k[\/caption]\r\n<p>&nbsp;<\/p>\r\n[caption id=\"attachment_164\" align=\"aligncenter\" width=\"600\"]<a href=\"https:\/\/napifeeling.cafeblog.hu\/files\/2016\/05\/10632846_1421969611361279_5720620302384314076_n.jpg\"><img class=\"wp-image-164 size-large\" src=\"https:\/\/napifeeling.cafeblog.hu\/files\/2016\/05\/10632846_1421969611361279_5720620302384314076_n-600x400.jpg\" alt=\"10632846_1421969611361279_5720620302384314076_n\" width=\"600\" height=\"400\" \/><\/a> pedig aranyos[\/caption]\r\n<p>&nbsp;<\/p>\r\n<p>Ha t\u00f6bbet szeretn\u00e9l megtudni a kis vend\u00e9g\u00fcnkr\u0151l, akkor ak\u00e1r <a href=\"https:\/\/hu.wikipedia.org\/wiki\/Harlekinkatica\">innen<\/a> is okosodhatsz...<\/p>\r\n<p>A k\u00e9peket magam k\u00e9sz\u00edtettem a kert\u00fcnkben :)\u00a0<\/p>\r\n<p>&nbsp;<\/p>","type":"rich","thumbnail_url":"https:\/\/napifeeling.cafeblog.hu\/files\/2016\/05\/10632846_1421969611361279_5720620302384314076_n-150x150.jpg","thumbnail_width":150,"thumbnail_height":150}

<p>Imádok <strong>fotózni</strong>, olyan nincs hogy egy héten ne lőjek pár képet, még ha az csak a kerti virágokról vagy bogarakról is készül.  Mindig találok valamit, amit meg akarok örökíteni <del>magamnak</del> mert érdekes, meg kikapcsol és oldja a stresszt. </p>
<p>A mai napi fotózásból viszont rémálom lett. :(  A kiskertünkben fellelt bogárkákról kiderült hogy <strong>kártékony</strong> kis szörnyetegek, és bár még ilyet nem láttam és nem is fotóztam, kaptam az alkalmon hogy bővítse a <strong>bogárkép</strong> gyűjteményemet. :) De amikor láttam, hogy szinte az összes cseresznyefa levélen ott gubbasztott egy-egy példány belőle, egyből riadót fújtam és már az irtásukon gondolkoztam. </p>
[caption id="attachment_159" align="aligncenter" width="600"]<a href="https://napifeeling.cafeblog.hu/files/2016/05/IMG_0655.jpg"><img class="wp-image-159 size-large" src="https://napifeeling.cafeblog.hu/files/2016/05/IMG_0655-600x400.jpg" alt="IMG_0655" width="600" height="400" /></a> harlekin katica lárva[/caption]
<p>Előtte azonban kutakodtam egy kicsit és mivel a <em>guggle a barátom</em>, meg is lett a válasz. Ez a kis ravasz cicabogár, nem más mint a <strong>harlekin katica</strong> még ki nem fejlődött lárvája. Több stádiumban lévőre is felfigyeltem, meg a földön heverő zöld cseresznyékre is. :( Ebből már össze raktam, hogy ez nem lesz jó az idei termésnek ezért TENNÜNK KELL VALAMIT!</p>
<p><a href="https://napifeeling.cafeblog.hu/files/2016/05/IMG_0691.jpg"><img class="aligncenter wp-image-160 size-large" src="https://napifeeling.cafeblog.hu/files/2016/05/IMG_0691-600x400.jpg" alt="IMG_0691" width="600" height="400" /></a></p>
<p>A fő gond viszont nem ez a kis katica fajta, hanem <del>amiért megjelent a fánkon</del> a <strong>levél tetvek. </strong>Mivel ez a fő tápláléka ezért valamennyire hasznos, de a fa termése már éretlenül potyog és sajna nem várhatjuk meg, amíg a lárvákból kifejlett <strong>ragadozó katica</strong> lesz és felfalja az összes kis tetvecskét.  És elérkeztünk a <strong>dilemmámhoz</strong> is. Ha ennyire hasznosak, akkor lehet meg kéne tartani őket '<em>házi növény kártevő irtónak'</em> ? :D </p>
[caption id="attachment_161" align="aligncenter" width="600"]<a href="https://napifeeling.cafeblog.hu/files/2016/05/IMG_0658.jpg"><img class="wp-image-161 size-large" src="https://napifeeling.cafeblog.hu/files/2016/05/IMG_0658-600x400.jpg" alt="IMG_0658" width="600" height="400" /></a> mindjárt kifejlődik[/caption]
<p>Irtás lesz, levéltetű irtás, és mivel 'ŐK' is a fán vannak valószínűleg belepusztulnak... </p>
[caption id="attachment_162" align="aligncenter" width="600"]<a href="https://napifeeling.cafeblog.hu/files/2016/05/IMG_0664.jpg"><img class="wp-image-162 size-large" src="https://napifeeling.cafeblog.hu/files/2016/05/IMG_0664-600x400.jpg" alt="IMG_0664" width="600" height="400" /></a> még színtelen, de már fejlett[/caption]
<p>Egyébként ez a faj Magyarországon 2008-ban lett ismert, és ha nem is bántja a fát meg a termését, az őshonos hétpettyes katicát folyamatosan kitúrja az élőhelyéről, mert ellenállóbb és agresszívebb fajta. Ezért lehet már annyira nem is fogom sajnálni. ;) </p>
[caption id="attachment_163" align="aligncenter" width="600"]<a href="https://napifeeling.cafeblog.hu/files/2016/05/10671220_1421962738028633_609829598628133878_n.jpg"><img class="wp-image-163 size-large" src="https://napifeeling.cafeblog.hu/files/2016/05/10671220_1421962738028633_609829598628133878_n-600x400.jpg" alt="10671220_1421962738028633_609829598628133878_n" width="600" height="400" /></a> kis szörnyecskék[/caption]
<p>&nbsp;</p>
[caption id="attachment_164" align="aligncenter" width="600"]<a href="https://napifeeling.cafeblog.hu/files/2016/05/10632846_1421969611361279_5720620302384314076_n.jpg"><img class="wp-image-164 size-large" src="https://napifeeling.cafeblog.hu/files/2016/05/10632846_1421969611361279_5720620302384314076_n-600x400.jpg" alt="10632846_1421969611361279_5720620302384314076_n" width="600" height="400" /></a> pedig aranyos[/caption]
<p>&nbsp;</p>
<p>Ha többet szeretnél megtudni a kis vendégünkről, akkor akár <a href="https://hu.wikipedia.org/wiki/Harlekinkatica">innen</a> is okosodhatsz...</p>
<p>A képeket magam készítettem a kertünkben :) </p>
<p>&nbsp;</p>
