{"version":"1.0","provider_name":"Napi Feeling","provider_url":"https:\/\/napifeeling.cafeblog.hu","author_name":"Hisztis Mirthyll","author_url":"https:\/\/napifeeling.cafeblog.hu\/author\/hisztis-mirthyllgmail-com\/","title":"Szeretem az es\u0151t","html":"<p>\u00a0Mostan\u00e1ban el\u00e9g sok es\u0151ben lehet r\u00e9sz\u00fcnk orsz\u00e1gszerte, nem panaszkodhatunk miatta. ;) Az es\u0151 kell \u00e9s k\u00e9sz, no de ennyi...<\/p>\r\n<p>\u00a0Im\u00e1dom az illat\u00e1t meg a hangj\u00e1t, ak\u00e1r a f\u00f6ld\u00f6n vagy a falon kopog. Szeretem n\u00e9zni \u00e9s szagolni.\u00a0\u2665 \u00a0K\u00e9t '<em>\u00e9gindul\u00e1s-f\u00f6ldindul\u00e1s<\/em>' k\u00f6z\u00f6tt pedig a nap ki s\u00fct. :) Tiszta <strong>\u00e9gi sz\u00ednj\u00e1t\u00e9k.\u00a0<\/strong>Ekkor kapom el\u0151 a g\u00e9pem \u00e9s meg\u00f6r\u00f6k\u00edtem a m\u00e9g le nem g\u00f6rd\u00fclt es\u0151 cseppeket a vir\u00e1gokon. Enn\u00e9l szebb <strong>kompoz\u00edci\u00f3<\/strong> alig ha van a kis kert\u00fcnkben. \u00c9s hogy m\u00e9g jobban magasztaljam eme l\u00e1tv\u00e1nyt, egy kis versik\u00e9t is a k\u00e9pek k\u00f6z\u00e9 biggyesztettem, hogy igaz\u00e1n \u00e1t tudjunk szellem\u00fclni \u00e9s h\u00e1l\u00e1t adni minden csepp\u00e9rt.\u00a0<\/p>\r\n<p><a href=\"https:\/\/napifeeling.cafeblog.hu\/files\/2016\/06\/kp.jpg\"><img class=\"aligncenter wp-image-167 size-large\" src=\"https:\/\/napifeeling.cafeblog.hu\/files\/2016\/06\/kp-425x600.jpg\" alt=\"kp\" width=\"425\" height=\"600\" \/><\/a><\/p>\r\n<p style=\"text-align: center\">\u00a0<\/p>\r\n<h3 style=\"text-align: center\">Szeretem az es\u0151t, a vil\u00e1g szebb t\u0151le!<br \/>A n\u00f6v\u00e9nyek er\u0151t mer\u00edtnek bel\u0151le.<br \/>Szeretem, csod\u00e1lom, \u00e9s sz\u00edvesen n\u00e9zem,<br \/>ahogyan sziv\u00e1rv\u00e1nyt ragyogtat az \u00e9gen.<\/h3>\r\n<p style=\"text-align: center\">\u00a0<\/p>\r\n<p style=\"text-align: center\"><a href=\"https:\/\/napifeeling.cafeblog.hu\/files\/2016\/06\/margar\u00e9ti.jpg\"><img class=\"aligncenter wp-image-168 size-large\" src=\"https:\/\/napifeeling.cafeblog.hu\/files\/2016\/06\/margar\u00e9ti-600x400.jpg\" alt=\"margar\u00e9ti\" width=\"600\" height=\"400\" \/><\/a><\/p>\r\n<p style=\"text-align: center\">\u00a0<\/p>\r\n<h3 style=\"text-align: center\">Szeretem az es\u0151t, hallgatni \u00e9s n\u00e9zni,<br \/>ritmikus dal\u00e1val k\u00e9pes megig\u00e9zni.<br \/>N\u00e9zem a pocsoly\u00e1t, a v\u00edzkarik\u00e1kat,<br \/>a f\u00e1k f\u00e9nyl\u0151 k\u00e9rg\u00e9t. Csill\u00e1ml\u00f3 var\u00e1zslat\u2026<\/h3>\r\n<p>&nbsp;<\/p>\r\n<p><a href=\"https:\/\/napifeeling.cafeblog.hu\/files\/2016\/06\/k\u00e9pp02.jpg\"><img class=\"aligncenter wp-image-169 size-large\" src=\"https:\/\/napifeeling.cafeblog.hu\/files\/2016\/06\/k\u00e9pp02-600x429.jpg\" alt=\"k\u00e9pp02\" width=\"600\" height=\"429\" \/><\/a><\/p>\r\n<p>&nbsp;<\/p>\r\n<h3 style=\"text-align: center\">Szeretem az es\u0151t, felh\u0151k s\u0171r\u0171 k\u00f6nny\u00e9t.<br \/>F\u00f6ld\u00e1ztat\u00f3 b\u00faj\u00e1t, amit \u00e1tad \u00f6nk\u00e9nt.<br \/>Szeretem az es\u0151t, mikor belef\u00e1rad,<br \/>mikor felh\u0151k m\u00f6g\u00fcl \u00fajra napf\u00e9ny \u00e1rad.<\/h3>\r\n<p>&nbsp;<\/p>\r\n<p><a href=\"https:\/\/napifeeling.cafeblog.hu\/files\/2016\/06\/IMG_2348.jpg\"><img class=\"aligncenter wp-image-170 size-large\" src=\"https:\/\/napifeeling.cafeblog.hu\/files\/2016\/06\/IMG_2348-600x400.jpg\" alt=\"IMG_2348\" width=\"600\" height=\"400\" \/><\/a><\/p>\r\n<p>&nbsp;<\/p>\r\n<h3 style=\"text-align: center\">Szeretem az es\u0151t, mert az \u00e9let r\u00e9sze,<br \/>\u00e1ltala lesz teljes a vil\u00e1g eg\u00e9sze.<br \/>Ha csak a Nap s\u00fctne, ha mindig ragyogna,<br \/>ez a sz\u00e9p, b\u00fas \u00e9rz\u00e9s biztos hi\u00e1nyozna.<\/h3>\r\n<p>&nbsp;<\/p>\r\n<p><a href=\"https:\/\/napifeeling.cafeblog.hu\/files\/2016\/06\/09.jpg\"><img class=\"aligncenter wp-image-171 size-large\" src=\"https:\/\/napifeeling.cafeblog.hu\/files\/2016\/06\/09-600x433.jpg\" alt=\"09\" width=\"600\" height=\"433\" \/><\/a><\/p>\r\n<p>&nbsp;<\/p>\r\n<h3 style=\"text-align: center\">Mert az \u00e9let \u00fagy sz\u00e9p, \u00fagy igaz\u00e1n teljes,<br \/>ha a neh\u00e9zs\u00e9gt\u0151l olykor a l\u00e9t terhes.<br \/>Hidd el, az es\u0151t\u0151l teljesebb az \u00e9let,<br \/>jobban \u00e9rt\u00e9keled a j\u00f3t \u00e9s a sz\u00e9pet.<\/h3>\r\n<p style=\"text-align: center\">Aranyosi Ervin<\/p>\r\n<p>&nbsp;<\/p>","type":"rich","thumbnail_url":"https:\/\/napifeeling.cafeblog.hu\/files\/2016\/06\/margar\u00e9ti-150x150.jpg","thumbnail_width":150,"thumbnail_height":150}

Szeretem az esőt

<p> Mostanában elég sok esőben lehet részünk országszerte, nem panaszkodhatunk miatta. ;) Az eső kell és kész, no de ennyi...</p>
<p> Imádom az illatát meg a hangját, akár a földön vagy a falon kopog. Szeretem nézni és szagolni. ♥  Két '<em>égindulás-földindulás</em>' között pedig a nap ki süt. :) Tiszta <strong>égi színjáték. </strong>Ekkor kapom elő a gépem és megörökítem a még le nem gördült eső cseppeket a virágokon. Ennél szebb <strong>kompozíció</strong> alig ha van a kis kertünkben. És hogy még jobban magasztaljam eme látványt, egy kis versikét is a képek közé biggyesztettem, hogy igazán át tudjunk szellemülni és hálát adni minden cseppért. </p>
<p><a href="https://napifeeling.cafeblog.hu/files/2016/06/kp.jpg"><img class="aligncenter wp-image-167 size-large" src="https://napifeeling.cafeblog.hu/files/2016/06/kp-425x600.jpg" alt="kp" width="425" height="600" /></a></p>
<p style="text-align: center"> </p>
<h3 style="text-align: center">Szeretem az esőt, a világ szebb tőle!<br />A növények erőt merítnek belőle.<br />Szeretem, csodálom, és szívesen nézem,<br />ahogyan szivárványt ragyogtat az égen.</h3>
<p style="text-align: center"> </p>
<p style="text-align: center"><a href="https://napifeeling.cafeblog.hu/files/2016/06/margaréti.jpg"><img class="aligncenter wp-image-168 size-large" src="https://napifeeling.cafeblog.hu/files/2016/06/margaréti-600x400.jpg" alt="margaréti" width="600" height="400" /></a></p>
<p style="text-align: center"> </p>
<h3 style="text-align: center">Szeretem az esőt, hallgatni és nézni,<br />ritmikus dalával képes megigézni.<br />Nézem a pocsolyát, a vízkarikákat,<br />a fák fénylő kérgét. Csillámló varázslat…</h3>
<p>&nbsp;</p>
<p><a href="https://napifeeling.cafeblog.hu/files/2016/06/képp02.jpg"><img class="aligncenter wp-image-169 size-large" src="https://napifeeling.cafeblog.hu/files/2016/06/képp02-600x429.jpg" alt="képp02" width="600" height="429" /></a></p>
<p>&nbsp;</p>
<h3 style="text-align: center">Szeretem az esőt, felhők sűrű könnyét.<br />Földáztató búját, amit átad önként.<br />Szeretem az esőt, mikor belefárad,<br />mikor felhők mögül újra napfény árad.</h3>
<p>&nbsp;</p>
<p><a href="https://napifeeling.cafeblog.hu/files/2016/06/IMG_2348.jpg"><img class="aligncenter wp-image-170 size-large" src="https://napifeeling.cafeblog.hu/files/2016/06/IMG_2348-600x400.jpg" alt="IMG_2348" width="600" height="400" /></a></p>
<p>&nbsp;</p>
<h3 style="text-align: center">Szeretem az esőt, mert az élet része,<br />általa lesz teljes a világ egésze.<br />Ha csak a Nap sütne, ha mindig ragyogna,<br />ez a szép, bús érzés biztos hiányozna.</h3>
<p>&nbsp;</p>
<p><a href="https://napifeeling.cafeblog.hu/files/2016/06/09.jpg"><img class="aligncenter wp-image-171 size-large" src="https://napifeeling.cafeblog.hu/files/2016/06/09-600x433.jpg" alt="09" width="600" height="433" /></a></p>
<p>&nbsp;</p>
<h3 style="text-align: center">Mert az élet úgy szép, úgy igazán teljes,<br />ha a nehézségtől olykor a lét terhes.<br />Hidd el, az esőtől teljesebb az élet,<br />jobban értékeled a jót és a szépet.</h3>
<p style="text-align: center">Aranyosi Ervin</p>
<p>&nbsp;</p>

https://napifeeling.cafeblog.hu/files/2016/06/margaréti-150x150.jpg
